{"id":598,"date":"2020-09-09T09:56:43","date_gmt":"2020-09-09T09:56:43","guid":{"rendered":"https:\/\/compojet.ind.br\/index.php\/portfolio\/"},"modified":"2023-08-29T13:19:23","modified_gmt":"2023-08-29T16:19:23","slug":"portfolio","status":"publish","type":"page","link":"https:\/\/compojet.ind.br\/index.php\/portfolio\/","title":{"rendered":"Portfolio"},"content":{"rendered":"\n<div class=\"wp-block-uagb-container uagb-block-9525eeb2 alignfull uagb-is-root-container\"><div class=\"uagb-container-inner-blocks-wrap\">\n<div class=\"wp-block-uagb-container uagb-block-b2c28792\">\n<div class=\"wp-block-uagb-advanced-heading uagb-block-218a4f55\"><h1 class=\"uagb-heading-text\">Portfolio\u200b<\/h1><\/div>\n<\/div>\n\n\n\n<div class=\"wp-block-uagb-container uagb-block-f4009d69\">\n<div class=\"wp-block-uagb-advanced-heading uagb-block-64b237e6\"><h5 class=\"uagb-heading-text\">Ligue<\/h5><\/div>\n\n\n\n<div class=\"wp-block-uagb-advanced-heading uagb-block-dcba38fe\"><h3 class=\"uagb-heading-text\">(51) 3545-1040<\/h3><\/div>\n<\/div>\n<\/div><\/div>\n\n\n\n<div class=\"wp-block-uagb-container uagb-block-23418952 alignfull uagb-is-root-container\"><div class=\"uagb-container-inner-blocks-wrap\">\n<div class=\"wp-block-uagb-container uagb-block-7be09b4f\">\n<div class=\"wp-block-uagb-advanced-heading uagb-block-3cf5a23a\"><h6 class=\"uagb-heading-text\">Nosso Trabalho<\/h6><\/div>\n\n\n\n<div class=\"wp-block-uagb-advanced-heading uagb-block-7a273b67\"><h3 class=\"uagb-heading-text\">Servindo empresas em todo o pa\u00eds, aqui est\u00e1 a prova!<\/h3><p class=\"uagb-desc-text\">A confian\u00e7a depositada no trabalho da Compojet ao longo de sua exist\u00eancia, se faz perceber na satisfa\u00e7\u00e3o das empresas que fazem parte do nosso sucesso, com in\u00fameras ind\u00fastrias que s\u00e3o nossos parceiros.<\/p><\/div>\n<\/div>\n\n\n\n<div class=\"wp-block-uagb-container uagb-block-261f107d\">\n<div class=\"wp-block-uagb-image uagb-block-7ca676e4 wp-block-uagb-image--layout-default wp-block-uagb-image--effect-static wp-block-uagb-image--align-none\"><figure class=\"wp-block-uagb-image__figure\"><img decoding=\"async\" srcset=\"https:\/\/compojet.ind.br\/wp-content\/uploads\/2020\/09\/window-banner-03.jpg \" sizes=\"auto, (max-width: 480px) 150px\" src=\"https:\/\/compojet.ind.br\/wp-content\/uploads\/2020\/09\/window-banner-03.jpg\" alt=\"\" class=\"uag-image-84\" width=\"460\" height=\"950\" title=\"\" loading=\"lazy\"\/><\/figure><\/div>\n<\/div>\n<\/div><\/div>\n\n\n\n<div class=\"wp-block-uagb-container uagb-block-9ae19dd6 default uagb-is-root-container\">\n<div class=\"wp-block-uagb-container uagb-block-11e1ccf9\">\n<div class=\"wp-block-uagb-image uagb-block-9596f486 wp-block-uagb-image--layout-default wp-block-uagb-image--effect-static wp-block-uagb-image--align-none\"><figure class=\"wp-block-uagb-image__figure\"><img decoding=\"async\" srcset=\"https:\/\/compojet.ind.br\/wp-content\/uploads\/2023\/08\/tabita2-800x535-1.jpg \" sizes=\"auto, (max-width: 480px) 150px\" src=\"https:\/\/compojet.ind.br\/wp-content\/uploads\/2023\/08\/tabita2-800x535-1.jpg\" alt=\"\" class=\"uag-image-924\" width=\"800\" height=\"535\" loading=\"lazy\"\/><\/figure><\/div>\n<\/div>\n\n\n\n<div class=\"wp-block-uagb-container uagb-block-0735daf1\">\n<div class=\"wp-block-uagb-image uagb-block-8e05653b wp-block-uagb-image--layout-default wp-block-uagb-image--effect-static wp-block-uagb-image--align-none\"><figure class=\"wp-block-uagb-image__figure\"><img decoding=\"async\" srcset=\"https:\/\/compojet.ind.br\/wp-content\/uploads\/2023\/08\/tabita3-800x535-1.jpg \" sizes=\"auto, (max-width: 480px) 150px\" src=\"https:\/\/compojet.ind.br\/wp-content\/uploads\/2023\/08\/tabita3-800x535-1.jpg\" alt=\"\" class=\"uag-image-925\" width=\"800\" height=\"535\" loading=\"lazy\"\/><\/figure><\/div>\n<\/div>\n\n\n\n<div class=\"wp-block-uagb-container uagb-block-23900215\">\n<div class=\"wp-block-uagb-image uagb-block-66f5fd35 wp-block-uagb-image--layout-default wp-block-uagb-image--effect-static wp-block-uagb-image--align-none\"><figure class=\"wp-block-uagb-image__figure\"><img decoding=\"async\" srcset=\"https:\/\/compojet.ind.br\/wp-content\/uploads\/2023\/08\/tabita5-800x535-1.jpg \" sizes=\"auto, (max-width: 480px) 150px\" src=\"https:\/\/compojet.ind.br\/wp-content\/uploads\/2023\/08\/tabita5-800x535-1.jpg\" alt=\"\" class=\"uag-image-927\" width=\"800\" height=\"535\" loading=\"lazy\"\/><\/figure><\/div>\n<\/div>\n\n\n\n<div class=\"wp-block-uagb-container uagb-block-e93a967f\">\n<div class=\"wp-block-uagb-image uagb-block-f0b4ff9d wp-block-uagb-image--layout-default wp-block-uagb-image--effect-static wp-block-uagb-image--align-none\"><figure class=\"wp-block-uagb-image__figure\"><img decoding=\"async\" srcset=\"https:\/\/compojet.ind.br\/wp-content\/uploads\/2023\/08\/vicenza4-800x535-1.jpg \" sizes=\"auto, (max-width: 480px) 150px\" src=\"https:\/\/compojet.ind.br\/wp-content\/uploads\/2023\/08\/vicenza4-800x535-1.jpg\" alt=\"\" class=\"uag-image-934\" width=\"800\" height=\"535\" loading=\"lazy\"\/><\/figure><\/div>\n<\/div>\n\n\n\n<div class=\"wp-block-uagb-container uagb-block-e3654676\">\n<div class=\"wp-block-uagb-image uagb-block-5efe0ae3 wp-block-uagb-image--layout-default wp-block-uagb-image--effect-static wp-block-uagb-image--align-none\"><figure class=\"wp-block-uagb-image__figure\"><img decoding=\"async\" srcset=\"https:\/\/compojet.ind.br\/wp-content\/uploads\/2023\/08\/vicenza2-800x535-1.jpg \" sizes=\"auto, (max-width: 480px) 150px\" src=\"https:\/\/compojet.ind.br\/wp-content\/uploads\/2023\/08\/vicenza2-800x535-1.jpg\" alt=\"\" class=\"uag-image-932\" width=\"800\" height=\"535\" loading=\"lazy\"\/><\/figure><\/div>\n<\/div>\n\n\n\n<div class=\"wp-block-uagb-container uagb-block-88b13349\">\n<div class=\"wp-block-uagb-image uagb-block-14f9fc94 wp-block-uagb-image--layout-default wp-block-uagb-image--effect-static wp-block-uagb-image--align-none\"><figure class=\"wp-block-uagb-image__figure\"><img decoding=\"async\" srcset=\"https:\/\/compojet.ind.br\/wp-content\/uploads\/2023\/08\/vicenza1-800x535-1.jpg \" sizes=\"auto, (max-width: 480px) 150px\" src=\"https:\/\/compojet.ind.br\/wp-content\/uploads\/2023\/08\/vicenza1-800x535-1.jpg\" alt=\"\" class=\"uag-image-931\" width=\"800\" height=\"535\" loading=\"lazy\"\/><\/figure><\/div>\n<\/div>\n\n\n\n<div class=\"wp-block-uagb-container uagb-block-c4bd06d3\">\n<div class=\"wp-block-uagb-image uagb-block-adafdcdf wp-block-uagb-image--layout-default wp-block-uagb-image--effect-static wp-block-uagb-image--align-none\"><figure class=\"wp-block-uagb-image__figure\"><img decoding=\"async\" srcset=\"https:\/\/compojet.ind.br\/wp-content\/uploads\/2023\/08\/bottero1-800x535-1.jpg \" sizes=\"auto, (max-width: 480px) 150px\" src=\"https:\/\/compojet.ind.br\/wp-content\/uploads\/2023\/08\/bottero1-800x535-1.jpg\" alt=\"\" class=\"uag-image-936\" width=\"800\" height=\"535\" loading=\"lazy\"\/><\/figure><\/div>\n<\/div>\n\n\n\n<div class=\"wp-block-uagb-container uagb-block-636a300c\">\n<div class=\"wp-block-uagb-image uagb-block-97ad2537 wp-block-uagb-image--layout-default wp-block-uagb-image--effect-static wp-block-uagb-image--align-none\"><figure class=\"wp-block-uagb-image__figure\"><img decoding=\"async\" srcset=\"https:\/\/compojet.ind.br\/wp-content\/uploads\/2023\/08\/bottero2-800x535-1.jpg \" sizes=\"auto, (max-width: 480px) 150px\" src=\"https:\/\/compojet.ind.br\/wp-content\/uploads\/2023\/08\/bottero2-800x535-1.jpg\" alt=\"\" class=\"uag-image-937\" width=\"800\" height=\"535\" loading=\"lazy\"\/><\/figure><\/div>\n<\/div>\n\n\n\n<div class=\"wp-block-uagb-container uagb-block-42e84712\">\n<div class=\"wp-block-uagb-image uagb-block-dea737e0 wp-block-uagb-image--layout-overlay wp-block-uagb-image--effect-static wp-block-uagb-image--align-none\"><figure class=\"wp-block-uagb-image__figure\"><img decoding=\"async\" srcset=\"https:\/\/compojet.ind.br\/wp-content\/uploads\/2023\/08\/bottero5-800x535-1.jpg \" sizes=\"auto, (max-width: 480px) 150px\" src=\"https:\/\/compojet.ind.br\/wp-content\/uploads\/2023\/08\/bottero5-800x535-1.jpg\" alt=\"\" class=\"uag-image-940\" width=\"800\" height=\"535\" loading=\"lazy\"\/><div class=\"wp-block-uagb-image--layout-overlay__color-wrapper\"><\/div><div class=\"wp-block-uagb-image--layout-overlay__inner center-center\"><a class=\"wp-block-uagb-image--layout-overlay-link \" target=\"\" rel=\"noopener\"><\/a><\/div><\/figure><\/div>\n<\/div>\n<\/div>\n\n\n\n<div class=\"wp-block-uagb-container uagb-block-c2587749 alignfull uagb-is-root-container\"><div class=\"uagb-container-inner-blocks-wrap\">\n<div class=\"wp-block-uagb-container uagb-block-ae34a2ba\">\n<div class=\"wp-block-uagb-info-box uagb-block-4458a738 uagb-infobox__content-wrap  uagb-infobox-icon-above-title uagb-infobox-image-valign-top\"><div class=\"uagb-ifb-content\"><div class=\"uagb-ifb-title-wrap\"><h2 class=\"uagb-ifb-title\">Produza com a confian\u00e7a da qualidade de nossos produtos!\u200b<\/h2><\/div><p class=\"uagb-ifb-desc\">A Compojet \u00e9 uma empresa que se preocupa com a excel\u00eancia do produto de seus clientes, sempre priorizando a qualidade em seus componentes.<br>As palmilhas personalizadas s\u00e3o uma excelente op\u00e7\u00e3o para oferecer aos seus clientes um diferencial e valor agregado a suas cria\u00e7\u00f5es.<\/p><div class=\"uagb-ifb-button-wrapper wp-block-button\"><a href=\"http:\/\/wa.me\/5551998296049\" class=\"uagb-infobox-cta-link wp-block-button__link\" target=\"_self\" rel=\"noopener noreferrer\" onclick=\"return true;\" alt=\"\"><span class=\"uagb-inline-editing\">Solicite Or\u00e7amento<\/span><\/a><\/div><\/div><\/div>\n<\/div>\n<\/div><\/div>\n","protected":false},"excerpt":{"rendered":"<p>Portfolio\u200b Ligue (51) 3545-1040 Nosso Trabalho Servindo empresas em todo o pa\u00eds, aqui est\u00e1 a prova! A confian\u00e7a depositada no trabalho da Compojet ao longo de sua exist\u00eancia, se faz perceber na satisfa\u00e7\u00e3o das empresas que fazem parte do nosso sucesso, com in\u00fameras ind\u00fastrias que s\u00e3o nossos parceiros.<\/p>\n","protected":false},"author":1,"featured_media":0,"parent":0,"menu_order":0,"comment_status":"closed","ping_status":"closed","template":"","meta":{"_uag_custom_page_level_css":"","site-sidebar-layout":"no-sidebar","site-content-layout":"plain-container","ast-site-content-layout":"normal-width-container","site-content-style":"unboxed","site-sidebar-style":"unboxed","ast-global-header-display":"","ast-banner-title-visibility":"","ast-main-header-display":"","ast-hfb-above-header-display":"","ast-hfb-below-header-display":"","ast-hfb-mobile-header-display":"","site-post-title":"disabled","ast-breadcrumbs-content":"","ast-featured-img":"","footer-sml-layout":"","ast-disable-related-posts":"","theme-transparent-header-meta":"enabled","adv-header-id-meta":"","stick-header-meta":"","header-above-stick-meta":"","header-main-stick-meta":"","header-below-stick-meta":"","astra-migrate-meta-layouts":"set","ast-page-background-enabled":"default","ast-page-background-meta":{"desktop":{"background-color":"","background-image":"","background-repeat":"repeat","background-position":"center center","background-size":"auto","background-attachment":"scroll","background-type":"","background-media":"","overlay-type":"","overlay-color":"","overlay-opacity":"","overlay-gradient":""},"tablet":{"background-color":"","background-image":"","background-repeat":"repeat","background-position":"center center","background-size":"auto","background-attachment":"scroll","background-type":"","background-media":"","overlay-type":"","overlay-color":"","overlay-opacity":"","overlay-gradient":""},"mobile":{"background-color":"","background-image":"","background-repeat":"repeat","background-position":"center center","background-size":"auto","background-attachment":"scroll","background-type":"","background-media":"","overlay-type":"","overlay-color":"","overlay-opacity":"","overlay-gradient":""}},"ast-content-background-meta":{"desktop":{"background-color":"var(--ast-global-color-5)","background-image":"","background-repeat":"repeat","background-position":"center center","background-size":"auto","background-attachment":"scroll","background-type":"","background-media":"","overlay-type":"","overlay-color":"","overlay-opacity":"","overlay-gradient":""},"tablet":{"background-color":"var(--ast-global-color-5)","background-image":"","background-repeat":"repeat","background-position":"center center","background-size":"auto","background-attachment":"scroll","background-type":"","background-media":"","overlay-type":"","overlay-color":"","overlay-opacity":"","overlay-gradient":""},"mobile":{"background-color":"var(--ast-global-color-5)","background-image":"","background-repeat":"repeat","background-position":"center center","background-size":"auto","background-attachment":"scroll","background-type":"","background-media":"","overlay-type":"","overlay-color":"","overlay-opacity":"","overlay-gradient":""}},"_joinchat":[],"footnotes":""},"class_list":["post-598","page","type-page","status-publish","hentry"],"uagb_featured_image_src":{"full":false,"thumbnail":false,"medium":false,"medium_large":false,"large":false,"1536x1536":false,"2048x2048":false},"uagb_author_info":{"display_name":"admin","author_link":"https:\/\/compojet.ind.br\/index.php\/author\/gestor\/"},"uagb_comment_info":0,"uagb_excerpt":"Portfolio\u200b Ligue (51) 3545-1040 Nosso Trabalho Servindo empresas em todo o pa\u00eds, aqui est\u00e1 a prova! A confian\u00e7a depositada no trabalho da Compojet ao longo de sua exist\u00eancia, se faz perceber na satisfa\u00e7\u00e3o das empresas que fazem parte do nosso sucesso, com in\u00fameras ind\u00fastrias que s\u00e3o nossos parceiros.","_links":{"self":[{"href":"https:\/\/compojet.ind.br\/index.php\/wp-json\/wp\/v2\/pages\/598","targetHints":{"allow":["GET"]}}],"collection":[{"href":"https:\/\/compojet.ind.br\/index.php\/wp-json\/wp\/v2\/pages"}],"about":[{"href":"https:\/\/compojet.ind.br\/index.php\/wp-json\/wp\/v2\/types\/page"}],"author":[{"embeddable":true,"href":"https:\/\/compojet.ind.br\/index.php\/wp-json\/wp\/v2\/users\/1"}],"replies":[{"embeddable":true,"href":"https:\/\/compojet.ind.br\/index.php\/wp-json\/wp\/v2\/comments?post=598"}],"version-history":[{"count":13,"href":"https:\/\/compojet.ind.br\/index.php\/wp-json\/wp\/v2\/pages\/598\/revisions"}],"predecessor-version":[{"id":941,"href":"https:\/\/compojet.ind.br\/index.php\/wp-json\/wp\/v2\/pages\/598\/revisions\/941"}],"wp:attachment":[{"href":"https:\/\/compojet.ind.br\/index.php\/wp-json\/wp\/v2\/media?parent=598"}],"curies":[{"name":"wp","href":"https:\/\/api.w.org\/{rel}","templated":true}]}}