{"id":597,"date":"2020-09-09T09:47:26","date_gmt":"2020-09-09T09:47:26","guid":{"rendered":"https:\/\/compojet.ind.br\/index.php\/home\/"},"modified":"2023-08-29T09:11:18","modified_gmt":"2023-08-29T12:11:18","slug":"home","status":"publish","type":"page","link":"https:\/\/compojet.ind.br\/","title":{"rendered":"Home"},"content":{"rendered":"\n<div class=\"wp-block-uagb-container uagb-block-81f68011 alignfull uagb-is-root-container\"><div class=\"uagb-container-inner-blocks-wrap\">\n<div class=\"wp-block-uagb-container uagb-block-6b58da55\">\n<div class=\"wp-block-uagb-container uagb-block-1a34dca0\">\n<div class=\"wp-block-uagb-container uagb-block-c3c35b62\">\n<div class=\"wp-block-uagb-advanced-heading uagb-block-e9694932\"><h3 class=\"uagb-heading-text\">Compojet Qualidade em Palmilhas<\/h3><\/div>\n\n\n\n<div class=\"wp-block-uagb-info-box uagb-block-fb4a55df uagb-infobox__content-wrap  uagb-infobox-icon-above-title uagb-infobox-image-valign-top\"><div class=\"uagb-ifb-content\"><div class=\"uagb-ifb-title-wrap\"><h1 class=\"uagb-ifb-title\">A Palmilha Perfeita para sua Empresa<\/h1><\/div><p class=\"uagb-ifb-desc\">Nossa empresa h\u00e1 27 anos consolidada no mercado de componentes, oferece produtos de alta qualidade e tecnologia de ponta, sendo que somos refer\u00eancia em nosso segmento. Oferecemos palmilhas personalizadas aos nossos clientes e contamos com um trabalho de excel\u00eancia por parte de nossos colaboradores.<\/p><div class=\"uagb-ifb-button-wrapper wp-block-button\"><a href=\"http:\/\/wa.me\/5551998296049\" class=\"uagb-infobox-cta-link wp-block-button__link\" target=\"_self\" rel=\"noopener noreferrer\" onclick=\"return true;\" alt=\"\"><span class=\"uagb-inline-editing\">Entre em Contato Conosco<\/span><\/a><\/div><\/div><\/div>\n<\/div>\n\n\n\n<div class=\"wp-block-uagb-container uagb-block-32255315\">\n<div class=\"wp-block-uagb-info-box uagb-block-87b581a4 uagb-infobox__content-wrap  uagb-infobox-icon-above-title uagb-infobox-image-valign-top\"><div class=\"uagb-ifb-content\"><div class=\"uagb-ifb-title-wrap\"><div class=\"uagb-ifb-separator\"><\/div><h5 class=\"uagb-ifb-title\">Fa\u00e7a Contato<\/h5><\/div><\/div><\/div>\n\n\n<div class=\"wpforms-container wpforms-block wpforms-block-19598f99-a25e-4040-8ba5-64d73ba79738\" id=\"wpforms-11\"><form id=\"wpforms-form-11\" class=\"wpforms-validate wpforms-form\" data-formid=\"11\" method=\"post\" enctype=\"multipart\/form-data\" action=\"\/index.php\/wp-json\/wp\/v2\/pages\/597\" data-token=\"1d36c826b5fb78ead43910d96c493c8b\" data-token-time=\"1777512018\"><noscript class=\"wpforms-error-noscript\">Ative o JavaScript no seu navegador para preencher este formul\u00e1rio.<\/noscript><div class=\"wpforms-field-container\"><div id=\"wpforms-11-field_0-container\" class=\"wpforms-field wpforms-field-name\" data-field-id=\"0\"><label class=\"wpforms-field-label wpforms-label-hide\" for=\"wpforms-11-field_0\">Nome <span class=\"wpforms-required-label\">*<\/span><\/label><input type=\"text\" id=\"wpforms-11-field_0\" class=\"wpforms-field-large wpforms-field-required\" name=\"wpforms[fields][0]\" placeholder=\"Nome*\" required><\/div><div id=\"wpforms-11-field_9-container\" class=\"wpforms-field wpforms-field-text\" data-field-id=\"9\"><label class=\"wpforms-field-label wpforms-label-hide\" for=\"wpforms-11-field_9\">E-mail <span class=\"wpforms-required-label\">*<\/span><\/label><input type=\"text\" id=\"wpforms-11-field_9\" class=\"wpforms-field-large wpforms-field-required\" name=\"wpforms[fields][9]\" placeholder=\"E-mail*\" required><\/div><div id=\"wpforms-11-field_3-container\" class=\"wpforms-field wpforms-field-number\" data-field-id=\"3\"><label class=\"wpforms-field-label wpforms-label-hide\" for=\"wpforms-11-field_3\">Telefone <span class=\"wpforms-required-label\">*<\/span><\/label><input type=\"number\" id=\"wpforms-11-field_3\" class=\"wpforms-field-large wpforms-field-required\" name=\"wpforms[fields][3]\" placeholder=\"Telefone*\" step=\"any\" required><\/div><div id=\"wpforms-11-field_6-container\" class=\"wpforms-field wpforms-field-select wpforms-field-select-style-classic\" data-field-id=\"6\"><label class=\"wpforms-field-label wpforms-label-hide\" for=\"wpforms-11-field_6\">O Que Voc\u00ea Precisa <span class=\"wpforms-required-label\">*<\/span><\/label><select id=\"wpforms-11-field_6\" class=\"wpforms-field-large wpforms-field-required\" name=\"wpforms[fields][6]\" required=\"required\"><option value=\"\" class=\"placeholder\" disabled >Select Required Service*<\/option><option value=\"Palmilhas\"  selected='selected' class=\"choice-1 depth-1\"  >Palmilhas<\/option><option value=\"Palmilhas\"  class=\"choice-2 depth-1\"  >Palmilhas<\/option><option value=\"Palmilhas\"  class=\"choice-7 depth-1\"  >Palmilhas<\/option><option value=\"Palmilhas\"  class=\"choice-6 depth-1\"  >Palmilhas<\/option><option value=\"Palmilhas\"  class=\"choice-5 depth-1\"  >Palmilhas<\/option><option value=\"Palmilhas\"  class=\"choice-4 depth-1\"  >Palmilhas<\/option><\/select><\/div><div id=\"wpforms-11-field_11-container\" class=\"wpforms-field wpforms-field-textarea\" data-field-id=\"11\"><label class=\"wpforms-field-label wpforms-label-hide\" for=\"wpforms-11-field_11\">Mensagem Adicional <span class=\"wpforms-required-label\">*<\/span><\/label><textarea id=\"wpforms-11-field_11\" class=\"wpforms-field-medium wpforms-field-required\" name=\"wpforms[fields][11]\" placeholder=\"Mensagem Adicional*\" required><\/textarea><\/div><\/div><!-- .wpforms-field-container --><div class=\"wpforms-field wpforms-field-hp\"><label for=\"wpforms-11-field-hp\" class=\"wpforms-field-label\">Name<\/label><input type=\"text\" name=\"wpforms[hp]\" id=\"wpforms-11-field-hp\" class=\"wpforms-field-medium\"><\/div><div class=\"wpforms-submit-container\" ><input type=\"hidden\" name=\"wpforms[id]\" value=\"11\"><input type=\"hidden\" name=\"page_title\" value=\"\"><input type=\"hidden\" name=\"page_url\" value=\"https:\/\/compojet.ind.br\/index.php\/wp-json\/wp\/v2\/pages\/597\"><input type=\"hidden\" name=\"url_referer\" value=\"\"><button type=\"submit\" name=\"wpforms[submit]\" id=\"wpforms-submit-11\" class=\"wpforms-submit\" data-alt-text=\"Enviando...\" data-submit-text=\"Enviar Mensagem\" aria-live=\"assertive\" value=\"wpforms-submit\">Enviar Mensagem<\/button><\/div><\/form><\/div>  <!-- .wpforms-container --><\/div>\n<\/div>\n\n\n\n<div class=\"wp-block-uagb-container uagb-block-1613dd19\">\n<div class=\"wp-block-uagb-advanced-heading uagb-block-92961674\"><h5 class=\"uagb-heading-text\">Ligue<\/h5><\/div>\n\n\n\n<div class=\"wp-block-uagb-advanced-heading uagb-block-d6b01199\"><h3 class=\"uagb-heading-text\">(51)     3545-1040<br>(51) 9 9829-6049<\/h3><\/div>\n<\/div>\n<\/div>\n<\/div><\/div>\n\n\n\n<div class=\"wp-block-uagb-container uagb-block-6a88f527 alignfull uagb-is-root-container\"><div class=\"uagb-container-inner-blocks-wrap\">\n<div class=\"wp-block-uagb-container uagb-block-fe0b8688\">\n<div class=\"wp-block-uagb-advanced-heading uagb-block-3ad81ae3\"><h2 class=\"uagb-heading-text\">Sobre N\u00f3s<\/h2><\/div>\n\n\n\n<div class=\"wp-block-uagb-advanced-heading uagb-block-2d39fd90\"><h4 class=\"uagb-heading-text\">Conforto e produtividade: A parceria certa para seu produto, com a qualidade de nossas palmilhas personalizadas.<\/h4><p class=\"uagb-desc-text\">N\u00f3s nos orgulhamos em oferecer um servi\u00e7o de entregas r\u00e1pidas e eficientes para que voc\u00ea possa desfrutar dos benef\u00edcios das nossas palminhas personalizadas o mais breve poss\u00edvel, porque a sua satisfa\u00e7\u00e3o \u00e9 a nossa prioridade. <br>Nosso objetivo \u00e9 atender aos nossos clientes, garantindo a satisfa\u00e7\u00e3o e sua fidelidade. <br>Por isso garantimos um processo rigoroso na sele\u00e7\u00e3o de fornecedores, proporcionando a qualidade e a confiabilidade dos produtos que oferecemos.<\/p><\/div>\n\n\n\n<p><\/p>\n<\/div>\n\n\n\n<div class=\"wp-block-uagb-container uagb-block-d6b96480\">\n<div class=\"wp-block-uagb-image alignright uagb-block-e17cadd9 wp-block-uagb-image--layout-default wp-block-uagb-image--effect-static wp-block-uagb-image--align-right\"><figure class=\"wp-block-uagb-image__figure\"><img decoding=\"async\" srcset=\"https:\/\/compojet.ind.br\/wp-content\/uploads\/2023\/06\/Maq_Corte-2.jpg \" sizes=\"auto, (max-width: 480px) 150px\" src=\"https:\/\/compojet.ind.br\/wp-content\/uploads\/2023\/06\/Maq_Corte-2.jpg\" alt=\"\" class=\"uag-image-767\" width=\"410\" height=\"650\" title=\"\" loading=\"lazy\"\/><\/figure><\/div>\n<\/div>\n<\/div><\/div>\n\n\n\n<div class=\"wp-block-uagb-container uagb-block-cc5ce092 alignfull uagb-is-root-container\"><div class=\"uagb-container-inner-blocks-wrap\">\n<div class=\"wp-block-uagb-info-box uagb-block-65b22db7 uagb-infobox__content-wrap  uagb-infobox-icon-above-title uagb-infobox-image-valign-top\"><div class=\"uagb-ifb-content\"><div class=\"uagb-ifb-title-wrap\"><h2 class=\"uagb-ifb-title\">Produza com a confian\u00e7a da qualidade de nossos produtos!\u200b<\/h2><\/div><p class=\"uagb-ifb-desc\">A Compojet \u00e9 uma empresa que se preocupa com a excel\u00eancia do produto de seus clientes, sempre priorizando a qualidade em seus componentes.<br>As palmilhas personalizadas s\u00e3o uma excelente op\u00e7\u00e3o para oferecer aos seus clientes  um diferencial e valor agregado a suas cria\u00e7\u00f5es.<\/p><div class=\"uagb-ifb-button-wrapper wp-block-button\"><a href=\"http:\/\/wa.me\/5551998296049\" class=\"uagb-infobox-cta-link wp-block-button__link\" target=\"_self\" rel=\"noopener noreferrer\" onclick=\"return true;\" alt=\"\"><span class=\"uagb-inline-editing\">Entre em Contato Conosco<\/span><\/a><\/div><\/div><\/div>\n\n\n\n<div class=\"wp-block-uagb-container uagb-block-0bd60d7f\"><\/div>\n<\/div><\/div>\n\n\n\n<div class=\"wp-block-uagb-container uagb-block-4f8a996e alignfull uagb-is-root-container\"><div class=\"uagb-container-inner-blocks-wrap\">\n<div class=\"wp-block-uagb-advanced-heading uagb-block-f25adbb3\"><h2 class=\"uagb-heading-text\">Nossos Produtos\u200b<\/h2><p class=\"uagb-desc-text\"><strong>A qualidade de nossos componentes come\u00e7a aqui:<\/strong><br>Contamos com produtos diferenciados e de alta qualidade, onde podemos destacar os seguintes modelos.<\/p><\/div>\n\n\n\n<div class=\"wp-block-uagb-container uagb-block-ab160532\">\n<div class=\"wp-block-uagb-container uagb-block-8a1bd2cf\">\n<div class=\"wp-block-uagb-image uagb-block-84d8deb7 wp-block-uagb-image--layout-default wp-block-uagb-image--effect-static wp-block-uagb-image--align-none\"><figure class=\"wp-block-uagb-image__figure\"><img decoding=\"async\" srcset=\"https:\/\/compojet.ind.br\/wp-content\/uploads\/2023\/08\/Palmilha1-1.png \" sizes=\"auto, (max-width: 480px) 150px\" src=\"https:\/\/compojet.ind.br\/wp-content\/uploads\/2023\/08\/Palmilha1-1.png\" alt=\"\" class=\"uag-image-870\" width=\"800\" height=\"535\" title=\"\" loading=\"lazy\"\/><\/figure><\/div>\n\n\n\n<div class=\"wp-block-uagb-info-box uagb-block-c7f227de uagb-infobox__content-wrap  uagb-infobox-icon-above-title uagb-infobox-image-valign-top\"><div class=\"uagb-ifb-content\"><div class=\"uagb-ifb-title-wrap\"><h5 class=\"uagb-ifb-title\">Palmilha de Montagem\u200b<\/h5><\/div><p class=\"uagb-ifb-desc\">Confere ao cal\u00e7ado a ess\u00eancia de sua cria\u00e7\u00e3o, obtendo os objetivos de estabilidade, leveza, conforto, ousadia ou outras qualidades que deseja em seu produto.<br><\/p><div class=\"uagb-ifb-button-wrapper wp-block-button\"><a href=\"https:\/\/compojet.ind.br\/index.php\/services\" class=\"uagb-infobox-cta-link wp-block-button__link\" target=\"_self\" rel=\"noopener noreferrer\" onclick=\"return true;\" alt=\"\"><span class=\"uagb-inline-editing\">Ler mais<\/span><svg xmlns=\"https:\/\/www.w3.org\/2000\/svg\" viewBox=\"0 0 448 512\"><path d=\"M246.6 233.4l-160-160c-12.5-12.5-32.75-12.5-45.25 0s-12.5 32.75 0 45.25L178.8 256l-137.4 137.4c-12.5 12.5-12.5 32.75 0 45.25C47.63 444.9 55.81 448 64 448s16.38-3.125 22.62-9.375l160-160C259.1 266.1 259.1 245.9 246.6 233.4zM438.6 233.4l-160-160c-12.5-12.5-32.75-12.5-45.25 0s-12.5 32.75 0 45.25L370.8 256l-137.4 137.4c-12.5 12.5-12.5 32.75 0 45.25C239.6 444.9 247.8 448 256 448s16.38-3.125 22.62-9.375l160-160C451.1 266.1 451.1 245.9 438.6 233.4z\"><\/path><\/svg><\/a><\/div><\/div><\/div>\n<\/div>\n\n\n\n<div class=\"wp-block-uagb-container uagb-block-21ab4058\">\n<div class=\"wp-block-uagb-image uagb-block-eb5f8a71 wp-block-uagb-image--layout-default wp-block-uagb-image--effect-static wp-block-uagb-image--align-none\"><figure class=\"wp-block-uagb-image__figure\"><img decoding=\"async\" srcset=\"https:\/\/compojet.ind.br\/wp-content\/uploads\/2023\/08\/Injetada-1.png \" sizes=\"auto, (max-width: 480px) 150px\" src=\"https:\/\/compojet.ind.br\/wp-content\/uploads\/2023\/08\/Injetada-1.png\" alt=\"\" class=\"uag-image-876\" width=\"800\" height=\"535\" title=\"\" loading=\"lazy\"\/><\/figure><\/div>\n\n\n\n<div class=\"wp-block-uagb-info-box uagb-block-2b316923 uagb-infobox__content-wrap  uagb-infobox-icon-above-title uagb-infobox-image-valign-top\"><div class=\"uagb-ifb-content\"><div class=\"uagb-ifb-title-wrap\"><h5 class=\"uagb-ifb-title\">Palmilha de Montagem Injetada<\/h5><\/div><p class=\"uagb-ifb-desc\">Garante a montagem precisa e padr\u00e3o de qualidade para o cal\u00e7ado, amplia alternativas de formas e funcionalidades, agregando em uma \u00fanica pe\u00e7a v\u00e1rias mat\u00e9rias-primas.<\/p><div class=\"uagb-ifb-button-wrapper wp-block-button\"><a href=\"https:\/\/compojet.ind.br\/index.php\/services\" class=\"uagb-infobox-cta-link wp-block-button__link\" target=\"_self\" rel=\"noopener noreferrer\" onclick=\"return true;\" alt=\"\"><span class=\"uagb-inline-editing\">Ler mais<\/span><svg xmlns=\"https:\/\/www.w3.org\/2000\/svg\" viewBox=\"0 0 448 512\"><path d=\"M246.6 233.4l-160-160c-12.5-12.5-32.75-12.5-45.25 0s-12.5 32.75 0 45.25L178.8 256l-137.4 137.4c-12.5 12.5-12.5 32.75 0 45.25C47.63 444.9 55.81 448 64 448s16.38-3.125 22.62-9.375l160-160C259.1 266.1 259.1 245.9 246.6 233.4zM438.6 233.4l-160-160c-12.5-12.5-32.75-12.5-45.25 0s-12.5 32.75 0 45.25L370.8 256l-137.4 137.4c-12.5 12.5-12.5 32.75 0 45.25C239.6 444.9 247.8 448 256 448s16.38-3.125 22.62-9.375l160-160C451.1 266.1 451.1 245.9 438.6 233.4z\"><\/path><\/svg><\/a><\/div><\/div><\/div>\n<\/div>\n\n\n\n<div class=\"wp-block-uagb-container uagb-block-5e884fee\">\n<div class=\"wp-block-uagb-image uagb-block-6028163c wp-block-uagb-image--layout-default wp-block-uagb-image--effect-static wp-block-uagb-image--align-none\"><figure class=\"wp-block-uagb-image__figure\"><img decoding=\"async\" srcset=\"https:\/\/compojet.ind.br\/wp-content\/uploads\/2023\/08\/Palmilha_Conforto-1.png \" sizes=\"auto, (max-width: 480px) 150px\" src=\"https:\/\/compojet.ind.br\/wp-content\/uploads\/2023\/08\/Palmilha_Conforto-1.png\" alt=\"\" class=\"uag-image-886\" width=\"800\" height=\"535\" title=\"\" loading=\"lazy\"\/><\/figure><\/div>\n\n\n\n<div class=\"wp-block-uagb-info-box uagb-block-da62c9a6 uagb-infobox__content-wrap  uagb-infobox-icon-above-title uagb-infobox-image-valign-top\"><div class=\"uagb-ifb-content\"><div class=\"uagb-ifb-title-wrap\"><h5 class=\"uagb-ifb-title\">Palmilha de Conforto<\/h5><\/div><p class=\"uagb-ifb-desc\">Proporcionam conforto total aos p\u00e9s, garantindo uma rotina tranquila. Apresentam superf\u00edcie confort\u00e1vel e ultra macia para serem utilizadas durante o dia a dia.<\/p><div class=\"uagb-ifb-button-wrapper wp-block-button\"><a href=\"https:\/\/compojet.ind.br\/index.php\/services\" class=\"uagb-infobox-cta-link wp-block-button__link\" target=\"_self\" rel=\"noopener noreferrer\" onclick=\"return true;\" alt=\"\"><span class=\"uagb-inline-editing\">Ler mais<\/span><svg xmlns=\"https:\/\/www.w3.org\/2000\/svg\" viewBox=\"0 0 448 512\"><path d=\"M246.6 233.4l-160-160c-12.5-12.5-32.75-12.5-45.25 0s-12.5 32.75 0 45.25L178.8 256l-137.4 137.4c-12.5 12.5-12.5 32.75 0 45.25C47.63 444.9 55.81 448 64 448s16.38-3.125 22.62-9.375l160-160C259.1 266.1 259.1 245.9 246.6 233.4zM438.6 233.4l-160-160c-12.5-12.5-32.75-12.5-45.25 0s-12.5 32.75 0 45.25L370.8 256l-137.4 137.4c-12.5 12.5-12.5 32.75 0 45.25C239.6 444.9 247.8 448 256 448s16.38-3.125 22.62-9.375l160-160C451.1 266.1 451.1 245.9 438.6 233.4z\"><\/path><\/svg><\/a><\/div><\/div><\/div>\n<\/div>\n\n\n\n<div class=\"wp-block-uagb-container uagb-block-31b5fb2b\">\n<div class=\"wp-block-uagb-image uagb-block-55fea527 wp-block-uagb-image--layout-default wp-block-uagb-image--effect-static wp-block-uagb-image--align-none\"><figure class=\"wp-block-uagb-image__figure\"><img decoding=\"async\" srcset=\"https:\/\/compojet.ind.br\/wp-content\/uploads\/2023\/08\/Palm_Espec-1.png \" sizes=\"auto, (max-width: 480px) 150px\" src=\"https:\/\/compojet.ind.br\/wp-content\/uploads\/2023\/08\/Palm_Espec-1.png\" alt=\"\" class=\"uag-image-885\" width=\"800\" height=\"535\" title=\"\" loading=\"lazy\"\/><\/figure><\/div>\n\n\n\n<div class=\"wp-block-uagb-info-box uagb-block-6ae3ecfd uagb-infobox__content-wrap  uagb-infobox-icon-above-title uagb-infobox-image-valign-top\"><div class=\"uagb-ifb-content\"><div class=\"uagb-ifb-title-wrap\"><h5 class=\"uagb-ifb-title\">Palmilhas Especiais<\/h5><\/div><p class=\"uagb-ifb-desc\">Essas palmilhas s\u00e3o produtos criados para exercer uma terapia magn\u00e9tica no corpo. Proporcionando benef\u00edcios com al\u00edvio de tens\u00f5es, dores e estresse.<\/p><div class=\"uagb-ifb-button-wrapper wp-block-button\"><a href=\"https:\/\/compojet.ind.br\/index.php\/services\" class=\"uagb-infobox-cta-link wp-block-button__link\" target=\"_self\" rel=\"noopener noreferrer\" onclick=\"return true;\" alt=\"\"><span class=\"uagb-inline-editing\">Ler mais<\/span><svg xmlns=\"https:\/\/www.w3.org\/2000\/svg\" viewBox=\"0 0 448 512\"><path d=\"M246.6 233.4l-160-160c-12.5-12.5-32.75-12.5-45.25 0s-12.5 32.75 0 45.25L178.8 256l-137.4 137.4c-12.5 12.5-12.5 32.75 0 45.25C47.63 444.9 55.81 448 64 448s16.38-3.125 22.62-9.375l160-160C259.1 266.1 259.1 245.9 246.6 233.4zM438.6 233.4l-160-160c-12.5-12.5-32.75-12.5-45.25 0s-12.5 32.75 0 45.25L370.8 256l-137.4 137.4c-12.5 12.5-12.5 32.75 0 45.25C239.6 444.9 247.8 448 256 448s16.38-3.125 22.62-9.375l160-160C451.1 266.1 451.1 245.9 438.6 233.4z\"><\/path><\/svg><\/a><\/div><\/div><\/div>\n<\/div>\n<\/div>\n<\/div><\/div>\n\n\n\n<div class=\"wp-block-uagb-container uagb-block-6a4637bd alignfull uagb-is-root-container\"><div class=\"uagb-container-inner-blocks-wrap\">\n<div class=\"wp-block-uagb-container uagb-block-49db3222\">\n<div class=\"wp-block-uagb-image uagb-block-eb9d75f5 wp-block-uagb-image--layout-default wp-block-uagb-image--effect-static wp-block-uagb-image--align-none\"><figure class=\"wp-block-uagb-image__figure\"><img decoding=\"async\" srcset=\"https:\/\/compojet.ind.br\/wp-content\/uploads\/2020\/09\/window-banner-03.jpg \" sizes=\"auto, (max-width: 480px) 150px\" src=\"https:\/\/compojet.ind.br\/wp-content\/uploads\/2020\/09\/window-banner-03.jpg\" alt=\"\" class=\"uag-image-84\" width=\"460\" height=\"950\" title=\"\" loading=\"lazy\"\/><\/figure><\/div>\n<\/div>\n\n\n\n<div class=\"wp-block-uagb-container uagb-block-5ccc42bb\">\n<div class=\"wp-block-uagb-container uagb-block-1c04fe0a\">\n<div class=\"wp-block-uagb-advanced-heading uagb-block-2858bf9b\"><h2 class=\"uagb-heading-text\">Empresas Satisfeitas\u200b<\/h2><p class=\"uagb-desc-text\">A confian\u00e7a depositada no trabalho da Compojet ao longo de sua exist\u00eancia, se faz perceber na satisfa\u00e7\u00e3o das empresas que fazem parte do nosso sucesso, com in\u00fameras ind\u00fastrias que s\u00e3o nossos parceiros.<\/p><\/div>\n<\/div>\n\n\n\n<div class=\"wp-block-uagb-container uagb-block-df89a310\">\n<div class=\"wp-block-uagb-info-box uagb-block-b2ee8c7c uagb-infobox__content-wrap  uagb-infobox-icon-above-title uagb-infobox-image-valign-top\"><div class=\"uagb-ifb-content\"><div class=\"uagb-ifb-title-wrap\"><span class=\"uagb-ifb-title-prefix\">&#8220;Qualidade e velocidade desde a encomenda at\u00e9 o processo final das palmilhas.&#8221;\u200b<\/span><p class=\"uagb-ifb-title\">Pablo Rodrigues\u200b<\/p><\/div><p class=\"uagb-ifb-desc\">Parob\u00e9\u200b<\/p><\/div><\/div>\n<\/div>\n\n\n\n<div class=\"wp-block-uagb-container uagb-block-931cb9c6\">\n<div class=\"wp-block-uagb-info-box uagb-block-f3ac4c39 uagb-infobox__content-wrap  uagb-infobox-icon-above-title uagb-infobox-image-valign-top\"><div class=\"uagb-ifb-content\"><div class=\"uagb-ifb-title-wrap\"><span class=\"uagb-ifb-title-prefix\">&#8220;Satisfa\u00e7\u00e3o com as palmilhas que foram entregues no prazo, destacando a qualidade dos produtos.&#8221;\u200b<\/span><p class=\"uagb-ifb-title\">Erich Schimidt\u200b<\/p><\/div><p class=\"uagb-ifb-desc\">Tr\u00eas Coroas<\/p><\/div><\/div>\n<\/div>\n<\/div>\n<\/div><\/div>\n\n\n\n<div class=\"wp-block-uagb-container uagb-block-31c9fad0 alignfull uagb-is-root-container\"><div class=\"uagb-container-inner-blocks-wrap\">\n<div class=\"wp-block-uagb-container uagb-block-2fac9e7a\">\n<div class=\"wp-block-uagb-info-box uagb-block-e7ad2270 uagb-infobox__content-wrap  uagb-infobox-icon-above-title uagb-infobox-image-valign-top\"><div class=\"uagb-ifb-content\"><div class=\"uagb-ifb-title-wrap\"><h3 class=\"uagb-ifb-title\">Compojet uma Empresa Amiga da Natureza<\/h3><\/div><p class=\"uagb-ifb-desc\">A nossa empresa Compojet entende a import\u00e2ncia da preserva\u00e7\u00e3o do meio ambiente e por isso adotamos medidas para minimizar o impacto ambiental em nossas opera\u00e7\u00f5es. Utilizamos materiais sustent\u00e1veis em nossos  produtos e implementamos processos de produ\u00e7\u00e3o eco eficientes, que consomem menos recursos naturais e geram menos res\u00edduos.<br>A preserva\u00e7\u00e3o do meio ambiente \u00e9 uma das nossas principais preocupa\u00e7\u00f5es, sendo que implementamos programas de coleta seletiva e destina\u00e7\u00e3o adequada dos res\u00edduos gerados em nossas opera\u00e7\u00f5es.<br>A Compojet tamb\u00e9m se preocupa com o bem-estar de seus membros e comunidade, valorizando a diversidade, a promo\u00e7\u00e3o da sustentabilidade e a luta contra a desigualdade e a exclus\u00e3o social.<br>Quando as comunidades trabalham juntas em prol destes objetivos, \u00e9 poss\u00edvel construir um mundo mais justo e igualit\u00e1rio para todos.<\/p><div class=\"uagb-ifb-button-wrapper wp-block-button\"><a href=\"#\" class=\"uagb-infobox-cta-link wp-block-button__link\" target=\"_self\" rel=\"noopener noreferrer\" onclick=\"return false;\" alt=\"\"><span class=\"uagb-inline-editing\">Leia mais<\/span><\/a><\/div><\/div><\/div>\n<\/div>\n<\/div><\/div>\n","protected":false},"excerpt":{"rendered":"<p>Compojet Qualidade em Palmilhas Ligue (51) 3545-1040(51) 9 9829-6049 Sobre N\u00f3s Conforto e produtividade: A parceria certa para seu produto, com a qualidade de nossas palmilhas personalizadas. N\u00f3s nos orgulhamos em oferecer um servi\u00e7o de entregas r\u00e1pidas e eficientes para que voc\u00ea possa desfrutar dos benef\u00edcios das nossas palminhas personalizadas o mais breve poss\u00edvel, porque [&hellip;]<\/p>\n","protected":false},"author":1,"featured_media":0,"parent":0,"menu_order":0,"comment_status":"closed","ping_status":"closed","template":"","meta":{"_uag_custom_page_level_css":"","site-sidebar-layout":"no-sidebar","site-content-layout":"plain-container","ast-site-content-layout":"normal-width-container","site-content-style":"unboxed","site-sidebar-style":"unboxed","ast-global-header-display":"","ast-banner-title-visibility":"","ast-main-header-display":"","ast-hfb-above-header-display":"","ast-hfb-below-header-display":"","ast-hfb-mobile-header-display":"","site-post-title":"disabled","ast-breadcrumbs-content":"","ast-featured-img":"","footer-sml-layout":"","ast-disable-related-posts":"","theme-transparent-header-meta":"enabled","adv-header-id-meta":"","stick-header-meta":"","header-above-stick-meta":"","header-main-stick-meta":"","header-below-stick-meta":"","astra-migrate-meta-layouts":"set","ast-page-background-enabled":"default","ast-page-background-meta":{"desktop":{"background-color":"","background-image":"","background-repeat":"repeat","background-position":"center center","background-size":"auto","background-attachment":"scroll","background-type":"","background-media":"","overlay-type":"","overlay-color":"","overlay-opacity":"","overlay-gradient":""},"tablet":{"background-color":"","background-image":"","background-repeat":"repeat","background-position":"center center","background-size":"auto","background-attachment":"scroll","background-type":"","background-media":"","overlay-type":"","overlay-color":"","overlay-opacity":"","overlay-gradient":""},"mobile":{"background-color":"","background-image":"","background-repeat":"repeat","background-position":"center center","background-size":"auto","background-attachment":"scroll","background-type":"","background-media":"","overlay-type":"","overlay-color":"","overlay-opacity":"","overlay-gradient":""}},"ast-content-background-meta":{"desktop":{"background-color":"var(--ast-global-color-5)","background-image":"","background-repeat":"repeat","background-position":"center center","background-size":"auto","background-attachment":"scroll","background-type":"","background-media":"","overlay-type":"","overlay-color":"","overlay-opacity":"","overlay-gradient":""},"tablet":{"background-color":"var(--ast-global-color-5)","background-image":"","background-repeat":"repeat","background-position":"center center","background-size":"auto","background-attachment":"scroll","background-type":"","background-media":"","overlay-type":"","overlay-color":"","overlay-opacity":"","overlay-gradient":""},"mobile":{"background-color":"var(--ast-global-color-5)","background-image":"","background-repeat":"repeat","background-position":"center center","background-size":"auto","background-attachment":"scroll","background-type":"","background-media":"","overlay-type":"","overlay-color":"","overlay-opacity":"","overlay-gradient":""}},"_joinchat":[],"footnotes":""},"class_list":["post-597","page","type-page","status-publish","hentry"],"uagb_featured_image_src":{"full":false,"thumbnail":false,"medium":false,"medium_large":false,"large":false,"1536x1536":false,"2048x2048":false},"uagb_author_info":{"display_name":"admin","author_link":"https:\/\/compojet.ind.br\/index.php\/author\/gestor\/"},"uagb_comment_info":0,"uagb_excerpt":"Compojet Qualidade em Palmilhas Ligue (51) 3545-1040(51) 9 9829-6049 Sobre N\u00f3s Conforto e produtividade: A parceria certa para seu produto, com a qualidade de nossas palmilhas personalizadas. N\u00f3s nos orgulhamos em oferecer um servi\u00e7o de entregas r\u00e1pidas e eficientes para que voc\u00ea possa desfrutar dos benef\u00edcios das nossas palminhas personalizadas o mais breve poss\u00edvel, porque&hellip;","_links":{"self":[{"href":"https:\/\/compojet.ind.br\/index.php\/wp-json\/wp\/v2\/pages\/597","targetHints":{"allow":["GET"]}}],"collection":[{"href":"https:\/\/compojet.ind.br\/index.php\/wp-json\/wp\/v2\/pages"}],"about":[{"href":"https:\/\/compojet.ind.br\/index.php\/wp-json\/wp\/v2\/types\/page"}],"author":[{"embeddable":true,"href":"https:\/\/compojet.ind.br\/index.php\/wp-json\/wp\/v2\/users\/1"}],"replies":[{"embeddable":true,"href":"https:\/\/compojet.ind.br\/index.php\/wp-json\/wp\/v2\/comments?post=597"}],"version-history":[{"count":79,"href":"https:\/\/compojet.ind.br\/index.php\/wp-json\/wp\/v2\/pages\/597\/revisions"}],"predecessor-version":[{"id":957,"href":"https:\/\/compojet.ind.br\/index.php\/wp-json\/wp\/v2\/pages\/597\/revisions\/957"}],"wp:attachment":[{"href":"https:\/\/compojet.ind.br\/index.php\/wp-json\/wp\/v2\/media?parent=597"}],"curies":[{"name":"wp","href":"https:\/\/api.w.org\/{rel}","templated":true}]}}